{"id":2365,"date":"2024-04-05T20:57:19","date_gmt":"2024-04-05T20:57:19","guid":{"rendered":"https:\/\/tecnopacks.com.mx\/empaque\/?post_type=product&#038;p=2365"},"modified":"2026-03-25T18:48:55","modified_gmt":"2026-03-25T18:48:55","slug":"linea-de-embalaje-para-cajas-de-carton","status":"publish","type":"product","link":"https:\/\/tecnopacks.com.mx\/empaque\/producto\/encintadoras-de-cajas\/linea-de-embalaje-para-cajas-de-carton\/","title":{"rendered":"linea de embalaje para cajas de carton"},"content":{"rendered":"\n<h1><a href=\"https:\/\/tecnopacks.com.mx\/empaque\/\"><span style=\"text-decoration: underline;\"><em><strong>linea de embalaje para cajas de carton<\/strong> <\/em><\/span><\/a><\/h1>\n<p>La l\u00ednea de empaque simple est\u00e1 compuesta por un sellador autom\u00e1tico de cajas de cart\u00f3n con solapa y un proceso de sellado de bordes de cart\u00f3n que logra el sellado en forma de I de la caja de cart\u00f3n. Adopta control programable inteligente y tiene una estructura simple y compacta. Reduce el manejo de personal y mejora la eficiencia de producci\u00f3n. Se puede personalizar seg\u00fan los requisitos para dise\u00f1arse en L o dise\u00f1o lineal.<\/p>\n<p>Ideales para sellar y empacar cajas de cart\u00f3n, se utilizan ampliamente en electrodom\u00e9sticos, productos alimenticios, mercanc\u00edas en general y medicamentos, y en varias otras industrias industriales.<\/p>\n<p>Configuraci\u00f3n del equipo:<\/p>\n<p>FXJ-5050Z Auto Flap Sellador de cart\u00f3n 1set<\/p>\n<p>JFX-5060 Sellador de bordes de cart\u00f3n 1set<\/p>\n<p>SJG-100\/66 Transportador de rodillos sin accionamiento 2 juegos (2 \u00d7 1 m)<\/p>\n<p>Gabinete el\u00e9ctrico 1set<\/p>\n<p data-pm-slice=\"1 1 []\">L\u00ednea de embalaje para cajas de cart\u00f3n \u2013 Soluciones de Tecnopacks<\/p>\n<p>En Tecnopacks, somos expertos en brindar soluciones industriales de alta eficiencia, y uno de nuestros productos m\u00e1s demandados es nuestra l\u00ednea de embalaje para cajas de cart\u00f3n. Sabemos que la automatizaci\u00f3n del proceso de empaquetado es clave para reducir tiempos, costos y errores humanos. Por eso, desarrollamos y personalizamos cada l\u00ednea de embalaje para cajas de cart\u00f3n de acuerdo a las necesidades espec\u00edficas de tu industria.<\/p>\n<p>\u00a0<\/p>\n<p>Una l\u00ednea de embalaje para cajas de cart\u00f3n de Tecnopacks est\u00e1 dise\u00f1ada para maximizar la productividad. Desde el armado autom\u00e1tico de cajas, pasando por el llenado, sellado y etiquetado, todo el flujo de trabajo se optimiza en una sola l\u00ednea de embalaje para cajas de cart\u00f3n continua y eficiente.<\/p>\n<p>\u00a0<\/p>\n<p>Contamos con m\u00e1s de 15 a\u00f1os de experiencia desarrollando maquinaria de embalaje, y entendemos que cada empresa tiene desaf\u00edos \u00fanicos. Por eso, nuestra l\u00ednea de embalaje para cajas de cart\u00f3n puede adaptarse al tipo de producto, al tama\u00f1o de caja, y al nivel de automatizaci\u00f3n requerido. Ya sea que busques una l\u00ednea de embalaje para cajas de cart\u00f3n semi-autom\u00e1tica o completamente automatizada, en Tecnopacks tenemos la soluci\u00f3n ideal para ti.<\/p>\n<p>\u00a0<\/p>\n<p>Adem\u00e1s de ofrecer un dise\u00f1o modular, nuestra l\u00ednea de embalaje para cajas de cart\u00f3n est\u00e1 fabricada con materiales de alta resistencia y componentes de calidad industrial, lo que garantiza durabilidad y bajo mantenimiento. Cada l\u00ednea de embalaje para cajas de cart\u00f3n incluye tecnolog\u00eda de sensores, sistemas de control inteligente y compatibilidad con otras l\u00edneas de producci\u00f3n ya instaladas.<\/p>\n<p>\u00a0<\/p>\n<p>Uno de los beneficios clave de elegir una l\u00ednea de embalaje para cajas de cart\u00f3n de Tecnopacks es la escalabilidad. Si tu producci\u00f3n crece, puedes ampliar tu l\u00ednea de embalaje para cajas de cart\u00f3n sin tener que reemplazar todo el sistema. Adem\u00e1s, ofrecemos soporte t\u00e9cnico y mantenimiento postventa para asegurarnos de que tu l\u00ednea de embalaje para cajas de cart\u00f3n funcione de manera \u00f3ptima a lo largo del tiempo.<\/p>\n<p>\u00a0<\/p>\n<p>Nuestros clientes provienen de sectores como alimentos, farmac\u00e9utica, cosm\u00e9tica, electr\u00f3nica y m\u00e1s. Todos ellos han confiado en Tecnopacks para implementar su l\u00ednea de embalaje para cajas de cart\u00f3n, obteniendo excelentes resultados en t\u00e9rminos de eficiencia y rentabilidad. El tiempo que antes se invert\u00eda en tareas manuales ahora se reduce dr\u00e1sticamente gracias a nuestra l\u00ednea de embalaje para cajas de cart\u00f3n.<\/p>\n<p>\u00a0<\/p>\n<p>Si est\u00e1s buscando una l\u00ednea de embalaje para cajas de cart\u00f3n confiable, adaptable y tecnol\u00f3gica, no busques m\u00e1s. En Tecnopacks, dise\u00f1amos tu l\u00ednea de embalaje para cajas de cart\u00f3n a medida, te acompa\u00f1amos en el proceso de instalaci\u00f3n y te capacitamos para que tu equipo saque el m\u00e1ximo provecho de esta inversi\u00f3n.<\/p>\n<p>\u00a0<\/p>\n<p>Cont\u00e1ctanos hoy y conoce todas las opciones disponibles para instalar tu l\u00ednea de embalaje para cajas de cart\u00f3n. Mejora tu productividad, reduce errores y lleva tu empresa al siguiente nivel con Tecnopacks y su avanzada l\u00ednea de embalaje para cajas de cart\u00f3<a href=\"https:\/\/www.youtube.com\/@tecno-pack765\">n.<\/a><\/p>\n<p class=\"productsTags\">\n<\/p>\n","protected":false},"excerpt":{"rendered":"<div class=\"pword\">Modelo:XFK-4<br \/>\nLa l\u00ednea de empaque simple est\u00e1 compuesta por un sellador autom\u00e1tico de cajas de cart\u00f3n con solapa y un proceso de sellado de bordes de cart\u00f3n que logra el sellado en forma de I de la caja de cart\u00f3n.<\/div>\n","protected":false},"featured_media":2395,"template":"","meta":[],"product_brand":[],"product_cat":[10733,134],"product_tag":[3551,3581,3561,3567,3553,3591,3586,3559,3569,3550,3570,3595,3572,3576,3563,3566,3558,3578,3594,3593,3552,3587,3547,3560,3577,3562,3579,3565,3548,3554,3584,3590,3573,3338,3564,3571,3549,3556,3589,3583,3588,3580,3575,3585,3555,3592,3568,3582,3557,3574],"class_list":{"0":"post-2365","1":"product","2":"type-product","3":"status-publish","4":"has-post-thumbnail","6":"product_cat-encintadoras-de-cajas","7":"product_cat-linea-de-envasado-automatico","8":"product_tag-automatizacion-de-embalaje","9":"product_tag-automatizacion-del-empaquetado","10":"product_tag-automatizacion-en-empaquetado","11":"product_tag-cinta-transportadora-para-embalaje","12":"product_tag-embaladora-de-cajas-de-carton","13":"product_tag-embalaje-de-alta-velocidad","14":"product_tag-embalaje-de-productos-en-carton","15":"product_tag-embalaje-eficiente-para-carton","16":"product_tag-embalaje-final-para-lineas-de-produccion","17":"product_tag-embalaje-industrial-de-carton","18":"product_tag-embalaje-para-productos-en-caja","19":"product_tag-embalaje-personalizado-en-carton","20":"product_tag-empaquetado-de-carton-automatizado","21":"product_tag-empaquetado-final-automatico","22":"product_tag-empaquetadora-de-carton","23":"product_tag-equipo-para-embalaje-de-productos","24":"product_tag-equipos-de-embalaje-automatico","25":"product_tag-equipos-para-empaquetar-cajas","26":"product_tag-equipos-para-final-de-linea","27":"product_tag-integracion-de-lineas-de-embalaje","28":"product_tag-linea-automatica-de-empaquetado","29":"product_tag-linea-de-embalaje-inteligente","30":"product_tag-linea-de-embalaje-para-cajas-de-carton","31":"product_tag-linea-de-empaquetado-industrial","32":"product_tag-linea-de-ensamblaje-y-embalaje","33":"product_tag-linea-de-envasado-y-embalaje","34":"product_tag-linea-de-montaje-con-embalaje","35":"product_tag-maquina-cerradora-de-cajas","36":"product_tag-maquina-de-embalaje-de-carton","37":"product_tag-maquinaria-para-embalar-carton","38":"product_tag-maquinaria-para-empaque-industrial","39":"product_tag-maquinas-para-cerrar-cajas-de-carton","40":"product_tag-robot-de-embalaje-para-carton","41":"product_tag-selladora-de-cajas-de-carton","42":"product_tag-sistema-automatizado-para-embalar","43":"product_tag-sistema-de-armado-de-cajas","44":"product_tag-sistema-de-embalaje-automatico","45":"product_tag-sistema-de-empaque-para-cajas","46":"product_tag-sistema-de-empaquetado-para-cajas","47":"product_tag-sistema-de-encajado-automatico","48":"product_tag-sistema-de-logistica-y-embalaje","49":"product_tag-sistema-industrial-de-embalaje","50":"product_tag-sistema-integrado-de-embalaje","51":"product_tag-soluciones-automatizadas-para-carton","52":"product_tag-soluciones-de-embalaje-industrial","53":"product_tag-soluciones-de-final-de-linea","54":"product_tag-soluciones-logisticas-de-embalaje","55":"product_tag-soluciones-para-embalaje-de-carton","56":"product_tag-tecnologia-de-embalaje-para-carton","57":"product_tag-tecnologia-de-empacado-automatico","59":"first","60":"instock","61":"shipping-taxable","62":"product-type-simple"},"_links":{"self":[{"href":"https:\/\/tecnopacks.com.mx\/empaque\/wp-json\/wp\/v2\/product\/2365","targetHints":{"allow":["GET"]}}],"collection":[{"href":"https:\/\/tecnopacks.com.mx\/empaque\/wp-json\/wp\/v2\/product"}],"about":[{"href":"https:\/\/tecnopacks.com.mx\/empaque\/wp-json\/wp\/v2\/types\/product"}],"wp:featuredmedia":[{"embeddable":true,"href":"https:\/\/tecnopacks.com.mx\/empaque\/wp-json\/wp\/v2\/media\/2395"}],"wp:attachment":[{"href":"https:\/\/tecnopacks.com.mx\/empaque\/wp-json\/wp\/v2\/media?parent=2365"}],"wp:term":[{"taxonomy":"product_brand","embeddable":true,"href":"https:\/\/tecnopacks.com.mx\/empaque\/wp-json\/wp\/v2\/product_brand?post=2365"},{"taxonomy":"product_cat","embeddable":true,"href":"https:\/\/tecnopacks.com.mx\/empaque\/wp-json\/wp\/v2\/product_cat?post=2365"},{"taxonomy":"product_tag","embeddable":true,"href":"https:\/\/tecnopacks.com.mx\/empaque\/wp-json\/wp\/v2\/product_tag?post=2365"}],"curies":[{"name":"wp","href":"https:\/\/api.w.org\/{rel}","templated":true}]}}