{"id":2367,"date":"2024-04-05T20:57:19","date_gmt":"2024-04-05T20:57:19","guid":{"rendered":"https:\/\/tecnopacks.com.mx\/empaque\/?post_type=product&#038;p=2367"},"modified":"2026-03-25T18:49:22","modified_gmt":"2026-03-25T18:49:22","slug":"linea-de-embalaje-de-carton","status":"publish","type":"product","link":"https:\/\/tecnopacks.com.mx\/empaque\/producto\/encintadoras-de-cajas\/linea-de-embalaje-de-carton\/","title":{"rendered":"L\u00ednea autom\u00e1tica de sellado de cajas tipo H"},"content":{"rendered":"\n<h1><a href=\"https:\/\/tecnopacks.com.mx\/empaque\/\"><span style=\"text-decoration: underline;\"><em><strong>L\u00ednea autom\u00e1tica de sellado de cajas tipo H<\/strong><\/em><\/span><\/a><\/h1>\n<p>L\u00ednea de embalaje de cart\u00f3n Armadora de cajas Automatica<\/p>\n<p>La l\u00ednea de envasado se compone de una selladora semiautom\u00e1tica de cajas de cart\u00f3n con solapa inferior, una selladora de cajas de cart\u00f3n con solapa autom\u00e1tica de embalaje manual y un proceso de sellado de bordes de cajas que se utiliza para lograr el sellador de cajas de cart\u00f3n con solapa, llenando manualmente el material y luego sellando la solapa para completar el sellado en forma de I; Control de programa de programaci\u00f3n, estructura simple y compacta; reducir el manejo de personal, mejorar la eficiencia de producci\u00f3n; se puede dise\u00f1ar en forma de L o lineal seg\u00fan las necesidades del cliente en el sitio. M\u00e1quina de sellado de cart\u00f3n plegable + m\u00e1quina de sellado de bordes que puede convertir autom\u00e1ticamente la tapa, en ambos lados de la correcci\u00f3n autom\u00e1tica de la correa de transmisi\u00f3n del motor, transportar cajas de cart\u00f3n, r\u00e1pido y suave al sellar las cajas hacia arriba y hacia abajo, sellado de tipo \u00abuno\u00bb, asistencia lateral asistencia de rueda de enfoque rafe m\u00e1quina cuando no sella grietas. Seguido por el empuje de la esquina en forma de L, alimentado en las operaciones de sellado de los bordes de las esquinas de los cartones. Cuando los cambios necesitan ajustar manualmente el tama\u00f1o del tama\u00f1o del cart\u00f3n, solo un minuto para completar. Altura de la mesa, autorregulaci\u00f3n del cart\u00f3n de altura ancho, simple y pr\u00e1ctico. Elegante y generoso, con un protector de hoja, apu\u00f1alado accidentalmente evitando la acci\u00f3n. Mec\u00e1nico s\u00f3lido y duradero, larga vida. El fuselaje viene con cuatro ruedas de freno de alta resistencia, el trabajo de transposici\u00f3n es muy conveniente.<\/p>\n<p>Configuraci\u00f3n del equipo:<\/p>\n<p>DZF-5050 Sellador semiautom\u00e1tico de cajas de cart\u00f3n con solapa 1 juego<\/p>\n<p>FXJ-5050Z Auto Flap Sellador de cart\u00f3n 1set<\/p>\n<p>JFX-5060 Sellador de bordes de cart\u00f3n 1set<\/p>\n<p>Transportador de rodillos sin accionamiento SJG-100\/66 2 juegos<\/p>\n<p>Gabinete el\u00e9ctrico 1set<\/p>\n<p>Una m\u00e1quina armadora de cajas autom\u00e1tica es un equipo utilizado en l\u00edneas de producci\u00f3n para formar cajas de cart\u00f3n de manera r\u00e1pida y eficiente. Estas m\u00e1quinas toman planchas de cart\u00f3n previamente cortadas y las pliegan en la forma de una caja, aplicando adhesivo o cinta para asegurar las solapas. Su uso es com\u00fan en industrias donde el empaquetado en grandes vol\u00famenes es necesario, como en la alimentaci\u00f3n, bebidas, farmac\u00e9utica y productos de consumo<\/p>\n<p>Encintadora.<\/p>\n<p>Caracter\u00edsticas principales:<br>\n\u2013 *Automatizaci\u00f3n*: La m\u00e1quina funciona de manera continua y sin intervenci\u00f3n humana, lo que mejora la eficiencia y reduce errores.<br>\n\u2013 *Velocidad*: Puede armar varias cajas por minuto, aumentando la productividad de la l\u00ednea de producci\u00f3n.<br>\n\u2013 *Flexibilidad*: Algunas m\u00e1quinas permiten ajustes para armar diferentes tama\u00f1os y tipos de cajas.<br>\n\u2013 *Calidad del sellado*: Utilizan pegamento caliente (hot melt) o cinta adhesiva para asegurar un sellado consistente y seguro.<\/p>\n<p>Beneficios:<br>\n\u2013 *Ahorro de tiempo y costos*: Reduce la necesidad de mano de obra manual y acelera el proceso de empaquetado.<br>\n\u2013 *Consistencia*: Garantiza que todas las cajas est\u00e9n formadas de manera uniforme, lo que es crucial para la presentaci\u00f3n y protecci\u00f3n del producto.<br>\n\u2013 *Mejora en la eficiencia*: Integra f\u00e1cilmente con otras m\u00e1quinas de empaque en una l\u00ednea de producci\u00f3n automatizada.<\/p>\n<p>Estas m\u00e1quinas son una inversi\u00f3n importante para empresas que buscan mejorar su capacidad de empaquetado y reducir los costos asociados con la mano de obra y el tiempo de producci\u00f3n<a href=\"https:\/\/www.youtube.com\/@tecno-pack765\">.<\/a><\/p>\n","protected":false},"excerpt":{"rendered":"<div>L\u00ednea de embalaje de cart\u00f3n Armadora de cajas Automatica<\/div>\n<div class=\"pword\">Modelo:XFK-6<br \/>\nLa l\u00ednea de envasado se compone de una selladora semiautom\u00e1tica de cajas de cart\u00f3n con solapa inferior, una selladora de cajas de cart\u00f3n con solapa autom\u00e1tica de embalaje manual y un proceso de sellado de bordes de cajas que se utiliza para lograr el sellador de cajas de cart\u00f3n con solapa, llenando manualmente el material y luego sellando la solapa para completar el sellado en forma de I; Programaci\u00f3n&#8230;<\/div>\n","protected":false},"featured_media":2397,"template":"","meta":[],"product_brand":[],"product_cat":[10733,134],"product_tag":[4388,4373,4372,4392,4379,4391,4362,4397,4376,4355,4387,4380,4398,4366,4374,4370,4390,4383,4396,4385,4357,3330,4368,4375,4399,4395,4364,3342,4382,4359,4365,4394,4378,4358,4346,4367,3345,4381,4360,4369,4356,4371,4393,4363,4389,4361,4386,4377,4384],"class_list":{"0":"post-2367","1":"product","2":"type-product","3":"status-publish","4":"has-post-thumbnail","6":"product_cat-encintadoras-de-cajas","7":"product_cat-linea-de-envasado-automatico","8":"product_tag-cerradora-de-cajas-con-cinta-superior-e-inferior","9":"product_tag-cerradora-de-cajas-industrial","10":"product_tag-cinta-automatica-para-cajas","11":"product_tag-cinta-selladora-para-cajas","12":"product_tag-equipo-de-embalaje-tipo-h","13":"product_tag-equipo-de-empaque-tipo-h","14":"product_tag-equipo-de-sellado-tipo-h","15":"product_tag-equipo-para-embalaje-de-cajas-de-carton","16":"product_tag-equipo-para-sellar-cajas-tipo-h","17":"product_tag-linea-automatica-de-sellado-de-cajas","18":"product_tag-linea-automatica-para-empaquetado-de-cajas","19":"product_tag-linea-de-cerrado-de-cajas-con-cinta","20":"product_tag-linea-de-cierre-automatico-para-cajas","21":"product_tag-linea-de-embalaje-para-cajas","22":"product_tag-linea-de-empaque-para-cajas","23":"product_tag-linea-de-sellado-automatico","24":"product_tag-maquina-automatica-de-embalaje","25":"product_tag-maquina-automatica-para-cajas-tipo-h","26":"product_tag-maquina-automatica-para-cierre-tipo-h","27":"product_tag-maquina-de-embalaje-para-cajas","28":"product_tag-maquina-de-sellado-tipo-h","29":"product_tag-maquina-para-cerrar-cajas-de-carton","30":"product_tag-maquina-para-cierre-de-cajas","31":"product_tag-maquina-para-empaque-de-cajas-de-carton","32":"product_tag-maquina-para-sellado-rapido-de-cajas","33":"product_tag-maquina-selladora-continua-para-cajas","34":"product_tag-maquina-selladora-de-cajas-de-carton","35":"product_tag-maquina-selladora-industrial","36":"product_tag-maquina-selladora-para-cajas-de-carton","37":"product_tag-sellado-de-cajas-con-cinta","38":"product_tag-sellado-de-cajas-tipo-h","39":"product_tag-selladora-automatica-con-sello-superior-e-inferior","40":"product_tag-selladora-automatica-de-carton-corrugado","41":"product_tag-selladora-automatica-para-cajas","42":"product_tag-selladora-con-ajuste-de-altura","43":"product_tag-selladora-con-cinta-superior-e-inferior","44":"product_tag-selladora-de-cajas-con-ajuste-automatico","45":"product_tag-selladora-de-cajas-con-banda","46":"product_tag-selladora-de-cajas-con-sello-tipo-h","47":"product_tag-selladora-de-cajas-de-carton-automatica","48":"product_tag-selladora-de-cajas-tipo-h","49":"product_tag-selladora-de-carton-tipo-h","50":"product_tag-selladora-neumatica-para-cajas-de-carton","51":"product_tag-selladora-para-cajas-con-cinta-adhesiva","52":"product_tag-selladora-para-cajas-industriales","53":"product_tag-selladora-tipo-h-automatica","54":"product_tag-selladora-tipo-h-con-cinta-adhesiva","55":"product_tag-selladora-tipo-h-industrial","56":"product_tag-sistema-de-empaque-con-cinta","58":"first","59":"instock","60":"shipping-taxable","61":"product-type-simple"},"_links":{"self":[{"href":"https:\/\/tecnopacks.com.mx\/empaque\/wp-json\/wp\/v2\/product\/2367","targetHints":{"allow":["GET"]}}],"collection":[{"href":"https:\/\/tecnopacks.com.mx\/empaque\/wp-json\/wp\/v2\/product"}],"about":[{"href":"https:\/\/tecnopacks.com.mx\/empaque\/wp-json\/wp\/v2\/types\/product"}],"wp:featuredmedia":[{"embeddable":true,"href":"https:\/\/tecnopacks.com.mx\/empaque\/wp-json\/wp\/v2\/media\/2397"}],"wp:attachment":[{"href":"https:\/\/tecnopacks.com.mx\/empaque\/wp-json\/wp\/v2\/media?parent=2367"}],"wp:term":[{"taxonomy":"product_brand","embeddable":true,"href":"https:\/\/tecnopacks.com.mx\/empaque\/wp-json\/wp\/v2\/product_brand?post=2367"},{"taxonomy":"product_cat","embeddable":true,"href":"https:\/\/tecnopacks.com.mx\/empaque\/wp-json\/wp\/v2\/product_cat?post=2367"},{"taxonomy":"product_tag","embeddable":true,"href":"https:\/\/tecnopacks.com.mx\/empaque\/wp-json\/wp\/v2\/product_tag?post=2367"}],"curies":[{"name":"wp","href":"https:\/\/api.w.org\/{rel}","templated":true}]}}