{"id":2519,"date":"2024-04-05T20:59:29","date_gmt":"2024-04-05T20:59:29","guid":{"rendered":"https:\/\/tecnopacks.com.mx\/empaque\/?post_type=product&#038;p=2519"},"modified":"2024-12-04T13:48:14","modified_gmt":"2024-12-04T13:48:14","slug":"selladora-al-vacio-de-camara-profunda-para-bolsas-con-liquido-dz-280-c-dz-260","status":"publish","type":"product","link":"https:\/\/tecnopacks.com.mx\/empaque\/producto\/empacadora-alto-vacio\/selladora-al-vacio-de-camara-profunda-para-bolsas-con-liquido-dz-280-c-dz-260\/","title":{"rendered":"Selladora al vac\u00edo de Camara Profunda para bolsas con Liquido  DZ-280\/C \/ DZ-260"},"content":{"rendered":"\n<h1><a href=\"https:\/\/tecnopacks.com.mx\/\"><span style=\"text-decoration: underline;\"><em><strong>Selladora al vac\u00edo de Camara Profunda para bolsas con Liquido DZ-280\/C \/ DZ-260<\/strong><\/em><\/span><\/a><\/h1>\n<p>La <strong>Selladora al vac\u00edo de c\u00e1mara profunda para bolsas con l\u00edquido DZ-280\/C \/ DZ-260<\/strong> es una m\u00e1quina de alta calidad, ideal para empresas que necesitan sellar productos l\u00edquidos o h\u00famedos. Gracias a su dise\u00f1o robusto y eficiente, la <strong>Selladora al vac\u00edo de c\u00e1mara profunda para bolsas con l\u00edquido DZ-280\/C \/ DZ-260<\/strong> ofrece una soluci\u00f3n perfecta para el envasado al vac\u00edo, evitando derrames y garantizando un sellado herm\u00e9tico.<\/p>\n<p>Una de las principales caracter\u00edsticas de la <strong>Selladora al vac\u00edo de c\u00e1mara profunda para bolsas con l\u00edquido DZ-280\/C \/ DZ-260<\/strong> es su c\u00e1mara profunda, que permite trabajar con productos de mayor volumen, incluyendo aquellos con alto contenido de l\u00edquido. Este dise\u00f1o especial asegura que la <strong>Selladora al vac\u00edo de c\u00e1mara profunda para bolsas con l\u00edquido DZ-280\/C \/ DZ-260<\/strong> pueda manejar l\u00edquidos sin problemas, brindando un sellado seguro y eficaz.<\/p>\n<p>Adem\u00e1s, la <strong>Selladora al vac\u00edo de c\u00e1mara profunda para bolsas con l\u00edquido DZ-280\/C \/ DZ-260<\/strong> cuenta con un control de vac\u00edo ajustable, lo que permite regular la intensidad del vac\u00edo para adaptarse a diferentes tipos de productos, incluyendo aquellos con l\u00edquidos. Gracias a su panel de control intuitivo, la <strong>Selladora al vac\u00edo de c\u00e1mara profunda para bolsas con l\u00edquido DZ-280\/C \/ DZ-260<\/strong> facilita la programaci\u00f3n de los par\u00e1metros de sellado, lo que optimiza el tiempo de trabajo.<\/p>\n<p>La <strong>Selladora al vac\u00edo de c\u00e1mara profunda para bolsas con l\u00edquido DZ-280\/C \/ DZ-260<\/strong> no solo es ideal para alimentos, sino que tambi\u00e9n es \u00fatil para el sellado de productos l\u00edquidos en la industria farmac\u00e9utica, cosm\u00e9tica y otros sectores. Su versatilidad y alta durabilidad la convierten en una excelente opci\u00f3n para quienes buscan una m\u00e1quina de envasado eficiente y confiable.<\/p>\n<p>Gracias a la <strong>Selladora al vac\u00edo de c\u00e1mara profunda para bolsas con l\u00edquido DZ-280\/C \/ DZ-260<\/strong>, las empresas pueden prolongar la vida \u00fatil de sus productos, evitando la oxidaci\u00f3n y la contaminaci\u00f3n. La <strong>Selladora al vac\u00edo de c\u00e1mara profunda para bolsas con l\u00edquido DZ-280\/C \/ DZ-260<\/strong> ofrece la soluci\u00f3n perfecta para aquellos que necesitan una m\u00e1quina de sellado de alta calidad, especialmente cuando se trata de l\u00edquidos o productos delicados.<\/p>\n<p>Sellador al vac\u00edo para bolsas con Liquido DZ-280\/C \/ DZ-260<\/p>\n<p>La envasadora al vac\u00edo tipo mesa DZ-280\/C es adecuada para envasar productos en bolsa de tipo vertical como t\u00e9, caf\u00e9, arroz, etc. La m\u00e1quina est\u00e1 construida en acero inoxidable (AISI 304) y equipada con panel digital y sensor volum\u00e9trico electr\u00f3nico para el control de vac\u00edo.<br>\nLa peque\u00f1a c\u00e1mara acoplada a una bomba de vac\u00edo con capacidad de 10 m3\/h asegura una alta productividad. Es adecuado para el envasado al vac\u00edo peque\u00f1o y alto (como el envasado de t\u00e9, caf\u00e9 y l\u00edquidos que son m\u00e1s f\u00e1ciles de verter<a href=\"https:\/\/www.youtube.com\/@tecno-pack765\">)<br>\n<\/a><\/p>\n","protected":false},"excerpt":{"rendered":"<div>Selladora al vac\u00edo de Camara Profunda para bolsas con Liquido DZ-280\/C \/ DZ-260<\/div>\n<div class=\"pword\">Modelo:DZ-280C<\/div>\n<div class=\"pword\">\n<p>Par\u00e1metros:<\/p>\n<table class=\"table\" border=\"0\" width=\"100%\" cellspacing=\"0\" cellpadding=\"0\">\n<tbody>\n<tr class=\"firstRow\">\n<td align=\"center\" valign=\"middle\" width=\"277\"><\/td>\n<td align=\"center\" valign=\"middle\" width=\"323\">\n<p style=\"text-align: center;\">DZ-280\/C<\/p>\n<\/td>\n<\/tr>\n<tr>\n<td align=\"center\" valign=\"middle\" width=\"277\">Voltaje (V\/Hz)<\/td>\n<td align=\"center\" valign=\"middle\" width=\"323\">\n<p style=\"text-align: center;\">CA 220\/50 110\/60<\/p>\n<\/td>\n<\/tr>\n<tr>\n<td align=\"center\" valign=\"middle\" width=\"277\">Potencia del motor (W)<\/td>\n<td align=\"center\" valign=\"middle\" width=\"323\">\n<p style=\"text-align: center;\">370<\/p>\n<\/td>\n<\/tr>\n<tr>\n<td align=\"center\" valign=\"middle\" width=\"277\">Potencia de sellado (W)<\/td>\n<td align=\"center\" valign=\"middle\" width=\"323\">\n<p style=\"text-align: center;\">150<\/p>\n<\/td>\n<\/tr>\n<tr>\n<td align=\"center\" valign=\"middle\" width=\"277\">Presi\u00f3n de vac\u00edo final (Kpa)<\/td>\n<td align=\"center\" valign=\"middle\" width=\"323\">\n<p style=\"text-align: center;\">1<\/p>\n<\/td>\n<\/tr>\n<tr>\n<td align=\"center\" valign=\"middle\" width=\"277\">Ancho de sellado (mm)<\/td>\n<td align=\"center\" valign=\"middle\" width=\"323\">\n<p style=\"text-align: center;\">10<\/p>\n<\/td>\n<\/tr>\n<tr>\n<td align=\"center\" valign=\"middle\" width=\"277\">Dimensi\u00f3n de la c\u00e1mara (L\u00d7W\u00d7H) (mm)<\/td>\n<td align=\"center\" valign=\"middle\" width=\"323\">\n<p style=\"text-align: center;\">300\u00d790\u00d7300<\/p>\n<\/td>\n<\/tr>\n<tr>\n<td align=\"center\" valign=\"middle\" width=\"277\">Capacidad de la bomba de vac\u00edo (m3\/h)<\/td>\n<td align=\"center\" valign=\"middle\" width=\"323\">\n<p style=\"text-align: center;\">8<\/p>\n<\/td>\n<\/tr>\n<tr>\n<td align=\"center\" valign=\"middle\" width=\"277\">Material para C\u00e1mara de Vac\u00edo<\/td>\n<td align=\"center\" valign=\"middle\" width=\"323\">\n<p style=\"text-align: center;\">SUS304<\/p>\n<\/td>\n<\/tr>\n<tr>\n<td align=\"center\" valign=\"middle\" width=\"277\">Dimensiones externas (L\u00d7W\u00d7H) (mm)<\/td>\n<td align=\"center\" valign=\"middle\" width=\"323\">\n<p style=\"text-align: center;\">500\u00d7350\u00d7280<\/p>\n<\/td>\n<\/tr>\n<tr>\n<td align=\"center\" valign=\"middle\" width=\"277\">Peso neto \/ kg)<\/td>\n<td align=\"center\" valign=\"middle\" width=\"323\">\n<p style=\"text-align: center;\">Aprox.44<\/p>\n<\/td>\n<\/tr>\n<\/tbody>\n<\/table>\n<p>La m\u00e1quina envasadora al vac\u00edo tipo mesa DZ-280\/C es adecuada para envasar productos en bolsas de tipo vertical como t\u00e9, caf\u00e9, arroz, etc.<\/p>\n<\/div>\n<div><\/div>\n<div>Sucursales: Guadalajara, Monterrey, Cuidad de Mexico y Tijuana<\/div>\n","protected":false},"featured_media":2572,"template":"","meta":[],"product_brand":[],"product_cat":[545,154],"product_tag":[841,1086,1091,840,1088,1085,756,1090,1084,1087,1089],"class_list":{"0":"post-2519","1":"product","2":"type-product","3":"status-publish","4":"has-post-thumbnail","6":"product_cat-empacadora-alto-vacio","7":"product_cat-maquina-de-envasado-al-vacio-de-mesa","8":"product_tag-empacado-de-alimentos-al-vacio","9":"product_tag-empacadora-al-alto-vacio-de-cortes","10":"product_tag-empacadora-al-vacio-para-pescado","11":"product_tag-empacadora-alto-vacio","12":"product_tag-maquina-alto-vacio-para-alimentos","13":"product_tag-maquina-de-vacio-camara-profunda","14":"product_tag-selladora-al-alto-vacio","15":"product_tag-selladora-al-vacio-de-carne","16":"product_tag-selladora-alto-vacio","17":"product_tag-selladora-de-alto-vacio-para-mariscos","18":"product_tag-selladora-de-alto-vacio-para-queso","20":"first","21":"instock","22":"shipping-taxable","23":"product-type-simple"},"_links":{"self":[{"href":"https:\/\/tecnopacks.com.mx\/empaque\/wp-json\/wp\/v2\/product\/2519","targetHints":{"allow":["GET"]}}],"collection":[{"href":"https:\/\/tecnopacks.com.mx\/empaque\/wp-json\/wp\/v2\/product"}],"about":[{"href":"https:\/\/tecnopacks.com.mx\/empaque\/wp-json\/wp\/v2\/types\/product"}],"wp:featuredmedia":[{"embeddable":true,"href":"https:\/\/tecnopacks.com.mx\/empaque\/wp-json\/wp\/v2\/media\/2572"}],"wp:attachment":[{"href":"https:\/\/tecnopacks.com.mx\/empaque\/wp-json\/wp\/v2\/media?parent=2519"}],"wp:term":[{"taxonomy":"product_brand","embeddable":true,"href":"https:\/\/tecnopacks.com.mx\/empaque\/wp-json\/wp\/v2\/product_brand?post=2519"},{"taxonomy":"product_cat","embeddable":true,"href":"https:\/\/tecnopacks.com.mx\/empaque\/wp-json\/wp\/v2\/product_cat?post=2519"},{"taxonomy":"product_tag","embeddable":true,"href":"https:\/\/tecnopacks.com.mx\/empaque\/wp-json\/wp\/v2\/product_tag?post=2519"}],"curies":[{"name":"wp","href":"https:\/\/api.w.org\/{rel}","templated":true}]}}