{"id":2523,"date":"2024-04-05T20:59:29","date_gmt":"2024-04-05T20:59:29","guid":{"rendered":"https:\/\/tecnopacks.com.mx\/empaque\/?post_type=product&#038;p=2523"},"modified":"2026-03-24T04:28:37","modified_gmt":"2026-03-24T04:28:37","slug":"empacadora-alto-vacio-dz-400-2e-dzq-400","status":"publish","type":"product","link":"https:\/\/tecnopacks.com.mx\/empaque\/producto\/empacadora-alto-vacio\/empacadora-alto-vacio-dz-400-2e-dzq-400\/","title":{"rendered":"Empacadora Alto vacio  DZ-400\/2E \/ DZQ-400"},"content":{"rendered":"\n<h1><a href=\"https:\/\/tecnopacks.com.mx\/empaque\/\">Empacadora Alto vacio DZ-400\/2E \/ DZQ-400<\/a><\/h1>\n<p>La c\u00e1mara de vac\u00edo es completamente de acero inoxidable para una m\u00e1xima durabilidad y limpieza. La DZ-400\/2E es una m\u00e1quina de envasado al vac\u00edo independiente de grado industrial de tama\u00f1o medio. Est\u00e1 equipado con una bomba de vac\u00edo rotativa llena de aceite para trabajo pesado, un sistema de sellado de sello ancho de doble barra, controles anal\u00f3gicos y ruedas para facilitar el movimiento. El tama\u00f1o de su c\u00e1mara le permite ser utilizado en una amplia variedad de aplicaciones, ya que puede contener productos de proporciones m\u00e1s grandes.<\/p>\n<p>Los clientes t\u00edpicos del DZ-400\/2E incluyen restaurantes, minoristas de alimentos, supermercados, empacadores de carne y pescado, fabricantes de queso y fabricantes de productos especiales. El producto empacado por esta m\u00e1quina puede tener un tiempo de almacenamiento m\u00e1s largo, los alimentos pueden durar 18 meses en general.<\/p>\n<p><a href=\"https:\/\/impropack.com.mx\/contacto\/\"><strong>Par\u00e1metros:<\/strong><\/a><\/p>\n","protected":false},"excerpt":{"rendered":"<div>\n<p>&nbsp;<\/p>\n<table class=\"table\" border=\"0\" width=\"100%\" cellspacing=\"0\" cellpadding=\"0\">\n<tbody>\n<tr class=\"firstRow\">\n<td align=\"center\" valign=\"middle\" width=\"258\"><\/td>\n<td align=\"center\" valign=\"middle\" width=\"306\">\n<p style=\"text-align: center;\">DZ-400\/2E<\/p>\n<\/td>\n<\/tr>\n<tr>\n<td align=\"center\" valign=\"middle\" width=\"258\">Voltaje (V\/Hz)<\/td>\n<td align=\"center\" valign=\"middle\" width=\"306\">\n<p style=\"text-align: center;\">CA 380\/50 220\/50 110\/60<\/p>\n<\/td>\n<\/tr>\n<tr>\n<td align=\"center\" valign=\"middle\" width=\"258\">Potencia del motor (W)<\/td>\n<td align=\"center\" valign=\"middle\" width=\"306\">\n<p style=\"text-align: center;\">900<\/p>\n<\/td>\n<\/tr>\n<tr>\n<td align=\"center\" valign=\"middle\" width=\"258\">Potencia de sellado (W)<\/td>\n<td align=\"center\" valign=\"middle\" width=\"306\">\n<p style=\"text-align: center;\">450<\/p>\n<\/td>\n<\/tr>\n<tr>\n<td align=\"center\" valign=\"middle\" width=\"258\">Presi\u00f3n de vac\u00edo final (Kpa)<\/td>\n<td align=\"center\" valign=\"middle\" width=\"306\">\n<p style=\"text-align: center;\">1<\/p>\n<\/td>\n<\/tr>\n<tr>\n<td align=\"center\" valign=\"middle\" width=\"258\">Ancho de sellado (mm)<\/td>\n<td align=\"center\" valign=\"middle\" width=\"306\">\n<p style=\"text-align: center;\">10<\/p>\n<\/td>\n<\/tr>\n<tr>\n<td align=\"center\" valign=\"middle\" width=\"258\">Dimensi\u00f3n de la c\u00e1mara (L\u00d7W\u00d7H) (mm)<\/td>\n<td align=\"center\" valign=\"middle\" width=\"306\">\n<p style=\"text-align: center;\">440\u00d7420\u00d7140<\/p>\n<\/td>\n<\/tr>\n<tr>\n<td align=\"center\" valign=\"middle\" width=\"258\">Capacidad de la bomba de vac\u00edo (m3\/h)<\/td>\n<td align=\"center\" valign=\"middle\" width=\"306\">\n<p style=\"text-align: center;\">20<\/p>\n<\/td>\n<\/tr>\n<tr>\n<td align=\"center\" valign=\"middle\" width=\"258\">Material para C\u00e1mara de Vac\u00edo<\/td>\n<td align=\"center\" valign=\"middle\" width=\"306\">\n<p style=\"text-align: center;\">SUS304<\/p>\n<\/td>\n<\/tr>\n<tr>\n<td align=\"center\" valign=\"middle\" width=\"258\">Dimensiones externas (L\u00d7W\u00d7H) (mm)<\/td>\n<td align=\"center\" valign=\"middle\" width=\"306\">\n<p style=\"text-align: center;\">480\u00d7535\u00d71010<\/p>\n<\/td>\n<\/tr>\n<tr>\n<td align=\"center\" valign=\"middle\" width=\"258\">Peso neto \/ kg)<\/td>\n<td align=\"center\" valign=\"middle\" width=\"306\">\n<p style=\"text-align: center;\">Aprox.91<\/p>\n<\/td>\n<\/tr>\n<\/tbody>\n<\/table>\n<\/div>\n<div>Empacadora Alto vacio DZ-400\/2E \/ DZQ-400<\/div>\n<div class=\"pword\">Modelo:DZ-400\/2E<br \/>\nLa c\u00e1mara de vac\u00edo es completamente de acero inoxidable para una m\u00e1xima durabilidad y limpieza. La DZ-400\/2E es una m\u00e1quina de envasado al vac\u00edo independiente de grado industrial de tama\u00f1o medio.<\/div>\n<div><\/div>\n<div>Sucursales: Guadalajara, Monterrey , Cuidad de Mexico y Tijuana<\/div>\n","protected":false},"featured_media":0,"template":"","meta":[],"product_brand":[],"product_cat":[545,10737,155,542],"product_tag":[],"class_list":{"0":"post-2523","1":"product","2":"type-product","3":"status-publish","5":"product_cat-empacadora-alto-vacio","6":"product_cat-empacadoras-al-vacio","7":"product_cat-maquina-de-envasado-al-vacio-de-una-sola-camara","8":"product_cat-selladoras-2","10":"first","11":"instock","12":"shipping-taxable","13":"product-type-simple"},"_links":{"self":[{"href":"https:\/\/tecnopacks.com.mx\/empaque\/wp-json\/wp\/v2\/product\/2523","targetHints":{"allow":["GET"]}}],"collection":[{"href":"https:\/\/tecnopacks.com.mx\/empaque\/wp-json\/wp\/v2\/product"}],"about":[{"href":"https:\/\/tecnopacks.com.mx\/empaque\/wp-json\/wp\/v2\/types\/product"}],"wp:attachment":[{"href":"https:\/\/tecnopacks.com.mx\/empaque\/wp-json\/wp\/v2\/media?parent=2523"}],"wp:term":[{"taxonomy":"product_brand","embeddable":true,"href":"https:\/\/tecnopacks.com.mx\/empaque\/wp-json\/wp\/v2\/product_brand?post=2523"},{"taxonomy":"product_cat","embeddable":true,"href":"https:\/\/tecnopacks.com.mx\/empaque\/wp-json\/wp\/v2\/product_cat?post=2523"},{"taxonomy":"product_tag","embeddable":true,"href":"https:\/\/tecnopacks.com.mx\/empaque\/wp-json\/wp\/v2\/product_tag?post=2523"}],"curies":[{"name":"wp","href":"https:\/\/api.w.org\/{rel}","templated":true}]}}