{"id":2593,"date":"2024-04-05T21:00:36","date_gmt":"2024-04-05T21:00:36","guid":{"rendered":"https:\/\/tecnopacks.com.mx\/empaque\/?post_type=product&#038;p=2593"},"modified":"2026-03-24T04:23:41","modified_gmt":"2026-03-24T04:23:41","slug":"maquina-de-termoformado-al-vacio-automatica","status":"publish","type":"product","link":"https:\/\/tecnopacks.com.mx\/empaque\/producto\/empacadora-alto-vacio\/maquina-de-termoformado-al-vacio-automatica\/","title":{"rendered":"M\u00e1quina de termoformado al vac\u00edo Automatica HVR-A"},"content":{"rendered":"\n<h1>M\u00e1quina de termoformado al vac\u00edo Automatica HVR-A<\/h1>\n<p>La <span style=\"text-decoration: underline;\"><em><strong>M\u00e1quina de termoformado HVR-A<\/strong><\/em><\/span> y el equipo de formaci\u00f3n al vac\u00edo forman l\u00e1minas o pel\u00edculas termopl\u00e1sticas sobre moldes en formas terminadas. En primer lugar, la l\u00e1mina o pel\u00edcula termopl\u00e1stica se calienta con calentadores el\u00e9ctricos, infrarrojos o de gas natural. A continuaci\u00f3n, el material termopl\u00e1stico se estira sobre un molde de aluminio de una sola superficie con temperatura controlada. Cuando la pel\u00edcula termopl\u00e1stica se enfr\u00eda, la parte formada se recorta de la l\u00e1mina. Por lo general, el recorte no utilizado se reprocesa para su uso posterior.<\/p>\n<p>El consumo de aire, el consumo de energ\u00eda, el voltaje de suministro principal, la longitud de la cuchilla y la fuerza de sujeci\u00f3n son par\u00e1metros adicionales a considerar al seleccionar m\u00e1quinas de termoformado. Por lo general, las tasas de salida del producto se miden en piezas por minuto o piezas por hora. Algunas <a href=\"https:\/\/tecnopacks.com.mx\/empaque\/\" target=\"_blank\" rel=\"noopener\">termoformadoras<\/a> cuentan con manipulaci\u00f3n rob\u00f3tica de piezas, apilamiento horizontal o calentadores multizona. Otros incluyen un elevador de rodillos neum\u00e1tico o mec\u00e1nico. Una m\u00e1quina de termoformado con capacidades de cambio r\u00e1pido de herramientas y un controlador l\u00f3gico programable (PLC) es una buena opci\u00f3n para muchas aplicaciones.<\/p>\n<p>\u00a0<\/p>\n<p><strong><a href=\"https:\/\/impropack.com.mx\/contacto\/\" target=\"_blank\" rel=\"noopener\">Par\u00e1metros<\/a>:<\/strong><\/p>\n<table class=\"table\" border=\"0\" width=\"100%\" cellspacing=\"0\" cellpadding=\"0\">\n<tbody>\n<tr class=\"firstRow\">\n<td align=\"center\" valign=\"middle\" width=\"293\"><\/td>\n<td align=\"center\" valign=\"middle\" width=\"270\">\n<p style=\"text-align: center;\">HVR-520A<\/p>\n<\/td>\n<\/tr>\n<tr>\n<td align=\"center\" valign=\"middle\" width=\"293\">Voltaje (V\/Hz)<\/td>\n<td align=\"center\" valign=\"middle\" width=\"270\">\n<p style=\"text-align: center;\">CA 380\/50<\/p>\n<\/td>\n<\/tr>\n<tr>\n<td align=\"center\" valign=\"middle\" width=\"293\">Potencia de sellado (W)<\/td>\n<td align=\"center\" valign=\"middle\" width=\"270\">\n<p style=\"text-align: center;\">2000<\/p>\n<\/td>\n<\/tr>\n<tr>\n<td align=\"center\" valign=\"middle\" width=\"293\">Fuente de aire (Mpa)<\/td>\n<td align=\"center\" valign=\"middle\" width=\"270\">\n<p style=\"text-align: center;\">0.5-0.6<\/p>\n<\/td>\n<\/tr>\n<tr>\n<td align=\"center\" valign=\"middle\" width=\"293\">Dimensi\u00f3n de la c\u00e1mara (L\u00d7W\u00d7H) (mm)<\/td>\n<td align=\"center\" valign=\"middle\" width=\"270\">\n<p style=\"text-align: center;\">400 \u00d7 (200-600)<\/p>\n<\/td>\n<\/tr>\n<tr>\n<td align=\"center\" valign=\"middle\" width=\"293\">m\u00e1x. profundidad de estiramiento (mm)<\/td>\n<td align=\"center\" valign=\"middle\" width=\"270\">\n<p style=\"text-align: center;\">\u226480<\/p>\n<\/td>\n<\/tr>\n<tr>\n<td align=\"center\" valign=\"middle\" width=\"293\">Capacidad de la bomba de vac\u00edo (m3\/h)<\/td>\n<td align=\"center\" valign=\"middle\" width=\"270\">\n<p style=\"text-align: center;\">100 o 160 o 200<\/p>\n<\/td>\n<\/tr>\n<tr>\n<td align=\"center\" valign=\"middle\" width=\"293\">Capacidad (veces\/min)<\/td>\n<td align=\"center\" valign=\"middle\" width=\"270\">\n<p style=\"text-align: center;\">4-6 veces\/min<\/p>\n<\/td>\n<\/tr>\n<tr>\n<td align=\"center\" valign=\"middle\" width=\"293\">Tipo de enfriamiento<\/td>\n<td align=\"center\" valign=\"middle\" width=\"270\">\n<p style=\"text-align: center;\">refrigeraci\u00f3n por agua<\/p>\n<\/td>\n<\/tr>\n<tr>\n<td align=\"center\" valign=\"middle\" width=\"293\">Ancho superior de la PEL\u00cdCULA (mm)<\/td>\n<td align=\"center\" valign=\"middle\" width=\"270\">\n<p style=\"text-align: center;\">492<\/p>\n<\/td>\n<\/tr>\n<tr>\n<td align=\"center\" valign=\"middle\" width=\"293\">Ancho inferior de la PEL\u00cdCULA (mm)<\/td>\n<td align=\"center\" valign=\"middle\" width=\"270\">\n<p style=\"text-align: center;\">522<\/p>\n<\/td>\n<\/tr>\n<tr>\n<td align=\"center\" valign=\"middle\" width=\"293\">Dimensiones externas (L\u00d7W\u00d7H) (mm)<\/td>\n<td align=\"center\" valign=\"middle\" width=\"270\">\n<p style=\"text-align: center;\">6000\u00d71150\u00d72000<\/p>\n<\/td>\n<\/tr>\n<tr>\n<td align=\"center\" valign=\"middle\" width=\"293\">Peso neto \/ kg)<\/td>\n<td align=\"center\" valign=\"middle\" width=\"270\">\n<p style=\"text-align: center;\">Aprox.2500<\/p>\n<\/td>\n<\/tr>\n<\/tbody>\n<\/table>\n","protected":false},"excerpt":{"rendered":"<div class=\"pword\">Modelo:HVR-520A<br \/>\nEl equipo de termoformado HVR-A y el equipo de formaci\u00f3n al vac\u00edo forman l\u00e1minas o pel\u00edculas termopl\u00e1sticas sobre moldes en formas terminadas. En primer lugar, la l\u00e1mina o pel\u00edcula termopl\u00e1stica se calienta con calentadores el\u00e9ctricos, infrarrojos o de gas natural.<\/div>\n<div>M\u00e1quina de termoformado al vac\u00edo Automatica HVR-A<\/div>\n<div><\/div>\n<div>Sucursales: Tijuana, Cuidad de Mexico, Monterrey y Guadalajara<\/div>\n","protected":false},"featured_media":2646,"template":"","meta":[],"product_brand":[],"product_cat":[545,10737,160],"product_tag":[797,799,801,798,802,800],"class_list":{"0":"post-2593","1":"product","2":"type-product","3":"status-publish","4":"has-post-thumbnail","6":"product_cat-empacadora-alto-vacio","7":"product_cat-empacadoras-al-vacio","8":"product_cat-maquina-de-termoformado","9":"product_tag-maquina-de-termoformado","10":"product_tag-maquina-termoformadora","11":"product_tag-maquinas-de-termoformado-de-plasticos","12":"product_tag-termoformadora","13":"product_tag-termoformadora-al-vacio","14":"product_tag-termoformadora-industrial","16":"first","17":"instock","18":"shipping-taxable","19":"product-type-simple"},"_links":{"self":[{"href":"https:\/\/tecnopacks.com.mx\/empaque\/wp-json\/wp\/v2\/product\/2593","targetHints":{"allow":["GET"]}}],"collection":[{"href":"https:\/\/tecnopacks.com.mx\/empaque\/wp-json\/wp\/v2\/product"}],"about":[{"href":"https:\/\/tecnopacks.com.mx\/empaque\/wp-json\/wp\/v2\/types\/product"}],"wp:featuredmedia":[{"embeddable":true,"href":"https:\/\/tecnopacks.com.mx\/empaque\/wp-json\/wp\/v2\/media\/2646"}],"wp:attachment":[{"href":"https:\/\/tecnopacks.com.mx\/empaque\/wp-json\/wp\/v2\/media?parent=2593"}],"wp:term":[{"taxonomy":"product_brand","embeddable":true,"href":"https:\/\/tecnopacks.com.mx\/empaque\/wp-json\/wp\/v2\/product_brand?post=2593"},{"taxonomy":"product_cat","embeddable":true,"href":"https:\/\/tecnopacks.com.mx\/empaque\/wp-json\/wp\/v2\/product_cat?post=2593"},{"taxonomy":"product_tag","embeddable":true,"href":"https:\/\/tecnopacks.com.mx\/empaque\/wp-json\/wp\/v2\/product_tag?post=2593"}],"curies":[{"name":"wp","href":"https:\/\/api.w.org\/{rel}","templated":true}]}}