{"id":2609,"date":"2024-04-05T21:00:56","date_gmt":"2024-04-05T21:00:56","guid":{"rendered":"https:\/\/tecnopacks.com.mx\/empaque\/?post_type=product&#038;p=2609"},"modified":"2026-03-24T04:21:48","modified_gmt":"2026-03-24T04:21:48","slug":"maquina-cerradora-de-cajas-o-encintadora-semiautomatica-fxj-8070b","status":"publish","type":"product","link":"https:\/\/tecnopacks.com.mx\/empaque\/producto\/encintadoras-de-cajas\/maquina-cerradora-de-cajas-o-encintadora-semiautomatica-fxj-8070b\/","title":{"rendered":"Maquina Cerradora de Cajas o encintadora semiautomatica FXJ-8070B"},"content":{"rendered":"\n<h1><a href=\"https:\/\/tecnopacks.com.mx\/empaque\/producto\/maquina-de-sellado-de-carton-semiautomatico\/maquina-cerradora-de-cajas-o-encintadora-semiautomatica-fxj-8070b\/\">Maquina Cerradora de Cajas o encintadora semiautomatica FXJ-8070B<\/a><\/h1>\n<p>Las dos cabezas aplican simult\u00e1neamente una tira de cinta adhesiva por encima y por debajo de la caja.<br>\nIdeal para cerrar cajas altas y estrechas.<br>\nEstructura del cuerpo de la m\u00e1quina fabricada en chapa de acero doblada, atornillada y pintada, el movimiento de los cartones se realiza mediante cuatro correas de transmisi\u00f3n planas, dos inferiores y dos superiores, accionadas por un solo motor, los ajustes para los diferentes formatos se realizan mediante volantes de inercia.<br>\nLa caja tiene que llegar a la superficie de trabajo con las solapas superiores cerradas.<\/p>\n<p><a href=\"https:\/\/impropack.com.mx\/contacto\/\">Serie FXJ-B: correas de transmisi\u00f3n de tres lados, cabezal de cinta superior e inferior, ideal para cajas pesadas<\/a><\/p>\n<p><strong>Par\u00e1metros:<\/strong><\/p>\n","protected":false},"excerpt":{"rendered":"<div>\n<p><strong>ar\u00e1metros:<\/strong><\/p>\n<table class=\"table\" border=\"0\" width=\"100%\" cellspacing=\"0\" cellpadding=\"0\">\n<tbody>\n<tr class=\"firstRow\">\n<td align=\"center\" valign=\"middle\" width=\"231\"><\/td>\n<td align=\"center\" valign=\"middle\" width=\"333\">\n<p style=\"text-align: center;\">FXJ-8070B<\/p>\n<\/td>\n<\/tr>\n<tr>\n<td align=\"center\" valign=\"middle\" width=\"231\">Voltaje (V\/Hz)<\/td>\n<td align=\"center\" valign=\"middle\" width=\"333\">\n<p style=\"text-align: center;\">CA 220\/50 110\/60<\/p>\n<\/td>\n<\/tr>\n<tr>\n<td align=\"center\" valign=\"middle\" width=\"231\">Potencia (W)<\/td>\n<td align=\"center\" valign=\"middle\" width=\"333\">\n<p style=\"text-align: center;\">360<\/p>\n<\/td>\n<\/tr>\n<tr>\n<td align=\"center\" valign=\"middle\" width=\"231\">m\u00e1x. Tama\u00f1o de la caja (ancho \u00d7 alto) (mm)<\/td>\n<td align=\"center\" valign=\"middle\" width=\"333\">\n<p style=\"text-align: center;\">700\u00d7800<\/p>\n<\/td>\n<\/tr>\n<tr>\n<td align=\"center\" valign=\"middle\" width=\"231\">m\u00edn. Tama\u00f1o de la caja (ancho \u00d7 alto) (mm)<\/td>\n<td align=\"center\" valign=\"middle\" width=\"333\">\n<p style=\"text-align: center;\">130\u00d7150<\/p>\n<\/td>\n<\/tr>\n<tr>\n<td align=\"center\" valign=\"middle\" width=\"231\">Velocidad (m\/min)<\/td>\n<td align=\"center\" valign=\"middle\" width=\"333\">\n<p style=\"text-align: center;\">20 m\/min\uff0830 cajas\/min\uff09<\/p>\n<\/td>\n<\/tr>\n<tr>\n<td align=\"center\" valign=\"middle\" width=\"231\">Materiales de cinta adhesiva<\/td>\n<td align=\"center\" valign=\"middle\" width=\"333\">\n<p style=\"text-align: center;\">BOPP, cinta adhesiva de PVC, cinta adhesiva sin agua<\/p>\n<\/td>\n<\/tr>\n<tr>\n<td align=\"center\" valign=\"middle\" width=\"231\">Altura de la mesa (mm)<\/td>\n<td align=\"center\" valign=\"middle\" width=\"333\">\n<p style=\"text-align: center;\">580-780<\/p>\n<\/td>\n<\/tr>\n<tr>\n<td align=\"center\" valign=\"middle\" width=\"231\">Ancho de Cinta Adhesiva (mm)<\/td>\n<td align=\"center\" valign=\"middle\" width=\"333\">\n<p style=\"text-align: center;\">48, 60, 76 (opcional)<\/p>\n<\/td>\n<\/tr>\n<tr>\n<td align=\"center\" valign=\"middle\" width=\"231\">Dimensiones externas (L\u00d7W\u00d7 H)(mm)<\/td>\n<td align=\"center\" valign=\"middle\" width=\"333\">\n<p style=\"text-align: center;\">1230\u00d71100\u00d7(1620-1820)<\/p>\n<\/td>\n<\/tr>\n<tr>\n<td align=\"center\" valign=\"middle\" width=\"231\">Peso neto \/ kg)<\/td>\n<td align=\"center\" valign=\"middle\" width=\"333\">\n<p style=\"text-align: center;\">160<\/p>\n<\/td>\n<\/tr>\n<\/tbody>\n<\/table>\n<\/div>\n<div><\/div>\n<div class=\"pword\">Modelo:FXJ-8070B<br \/>\nLas dos cabezas aplican simult\u00e1neamente una tira de cinta adhesiva por encima y por debajo de la caja. Ideal para cerrar cajas altas y estrechas.<\/div>\n<div>Maquina Cerradora de Cajas o encintadora semiautomatica FXJ-8070B<\/div>\n<div><\/div>\n<div><\/div>\n<div>Sucursales: Guadalajara, Monterrey, Cuidad de Mexico y Tijuana<\/div>\n","protected":false},"featured_media":2651,"template":"","meta":[],"product_brand":[],"product_cat":[10733,161],"product_tag":[],"class_list":{"0":"post-2609","1":"product","2":"type-product","3":"status-publish","4":"has-post-thumbnail","6":"product_cat-encintadoras-de-cajas","7":"product_cat-maquina-de-sellado-de-carton-semiautomatico","9":"first","10":"instock","11":"shipping-taxable","12":"product-type-simple"},"_links":{"self":[{"href":"https:\/\/tecnopacks.com.mx\/empaque\/wp-json\/wp\/v2\/product\/2609","targetHints":{"allow":["GET"]}}],"collection":[{"href":"https:\/\/tecnopacks.com.mx\/empaque\/wp-json\/wp\/v2\/product"}],"about":[{"href":"https:\/\/tecnopacks.com.mx\/empaque\/wp-json\/wp\/v2\/types\/product"}],"wp:featuredmedia":[{"embeddable":true,"href":"https:\/\/tecnopacks.com.mx\/empaque\/wp-json\/wp\/v2\/media\/2651"}],"wp:attachment":[{"href":"https:\/\/tecnopacks.com.mx\/empaque\/wp-json\/wp\/v2\/media?parent=2609"}],"wp:term":[{"taxonomy":"product_brand","embeddable":true,"href":"https:\/\/tecnopacks.com.mx\/empaque\/wp-json\/wp\/v2\/product_brand?post=2609"},{"taxonomy":"product_cat","embeddable":true,"href":"https:\/\/tecnopacks.com.mx\/empaque\/wp-json\/wp\/v2\/product_cat?post=2609"},{"taxonomy":"product_tag","embeddable":true,"href":"https:\/\/tecnopacks.com.mx\/empaque\/wp-json\/wp\/v2\/product_tag?post=2609"}],"curies":[{"name":"wp","href":"https:\/\/api.w.org\/{rel}","templated":true}]}}