{"id":2820,"date":"2024-04-05T21:04:16","date_gmt":"2024-04-05T21:04:16","guid":{"rendered":"https:\/\/tecnopacks.com.mx\/empaque\/?post_type=product&#038;p=2820"},"modified":"2026-03-20T16:31:27","modified_gmt":"2026-03-20T16:31:27","slug":"maquina-automatica-de-envasado-horizontal","status":"publish","type":"product","link":"https:\/\/tecnopacks.com.mx\/empaque\/producto\/embolsadora-horizontal-flowpack\/maquina-automatica-de-envasado-horizontal\/","title":{"rendered":"envasadora horizontal flow pack  para productos solidos DXDZ-250D"},"content":{"rendered":"\n<h1><a href=\"https:\/\/tecnopacks.com.mx\/empaque\/producto\/maquina-envasadora-horizontal\/maquina-automatica-de-envasado-horizontal\/\">envasadora horizontal flow pack para productos solidos DXDZ-250D<\/a><\/h1>\n<p><a href=\"https:\/\/impropack.com.mx\/contacto\/\">M\u00e1quina autom\u00e1tica de envasado horizontal flowpack DXDZ-250D para Paletas<\/a><\/p>\n<p>M\u00e1quinas Flowpack\u00a0 horizontales dise\u00f1adas para formar y sellar herm\u00e9ticamente productos s\u00f3lidos. El mercado de envasado flow wrap est\u00e1 impulsado por el consumidor y se centra en el envasado sostenible. Algunos de los factores que ayudan a impulsar la venta del mercado de envasado flow wrap son el dise\u00f1o compacto, la facilidad de uso, la alta velocidad de producci\u00f3n, etc. Una de las caracter\u00edsticas principales del envasado flow pack que ayuda a impulsar el mercado es que es f\u00e1cil de usar para el consumidor funci\u00f3n de apertura. El envasado flowpack\u00a0 permite al consumidor manipular el producto de forma c\u00f3moda.<\/p>\n<p>Los fabricantes de flow wrap pueden dotar a los productos de varias formas, como rectangulares, cil\u00edndricas, c\u00fabicas, etc. El envasado flow pack mantiene el aroma y la frescura del producto durante m\u00e1s tiempo.<\/p>\n<p>\u00a0<\/p>\n","protected":false},"excerpt":{"rendered":"<div>\n<p><strong>Par\u00e1metros:<\/strong><\/p>\n<table class=\"table\" style=\"width: 100%; height: 672px;\" border=\"0\" width=\"100%\" cellspacing=\"0\" cellpadding=\"0\">\n<tbody>\n<tr class=\"firstRow\" style=\"height: 56px;\">\n<td style=\"height: 56px;\" align=\"center\" valign=\"middle\" width=\"232\"><\/td>\n<td style=\"height: 56px;\" align=\"center\" valign=\"middle\" width=\"106\">\n<p style=\"text-align: center;\">DXDZ-250B<\/p>\n<\/td>\n<td style=\"height: 56px;\" align=\"center\" valign=\"middle\" width=\"114\">\n<p style=\"text-align: center;\">DXDZ-250D<\/p>\n<\/td>\n<td style=\"height: 56px;\" align=\"center\" valign=\"middle\" width=\"111\">\n<p style=\"text-align: center;\">DXDZ-250S<\/p>\n<\/td>\n<\/tr>\n<tr style=\"height: 56px;\">\n<td style=\"height: 56px;\" align=\"center\" valign=\"middle\" width=\"232\">Voltaje (V\/Hz)<\/td>\n<td style=\"height: 56px;\" colspan=\"3\" align=\"center\" valign=\"middle\" width=\"332\">\n<p style=\"text-align: center;\">CA 220\/50 220\/60<\/p>\n<\/td>\n<\/tr>\n<tr style=\"height: 56px;\">\n<td style=\"height: 56px;\" align=\"center\" valign=\"middle\" width=\"232\">Potencia (kilovatios)<\/td>\n<td style=\"height: 56px;\" colspan=\"3\" align=\"center\" valign=\"middle\" width=\"332\">\n<p style=\"text-align: center;\">2400<\/p>\n<\/td>\n<\/tr>\n<tr style=\"height: 56px;\">\n<td style=\"height: 56px;\" align=\"center\" valign=\"middle\" width=\"232\">Ancho de pel\u00edcula (mm)<\/td>\n<td style=\"height: 56px;\" colspan=\"3\" align=\"center\" valign=\"middle\" width=\"332\">\n<p style=\"text-align: center;\">M\u00e1x.250<\/p>\n<\/td>\n<\/tr>\n<tr style=\"height: 56px;\">\n<td style=\"height: 56px;\" align=\"center\" valign=\"middle\" width=\"232\">Longitud de la bolsa (mm)<\/td>\n<td style=\"height: 56px;\" colspan=\"2\" align=\"center\" valign=\"middle\" width=\"220\">\n<p style=\"text-align: center;\">65-190 o 120-280<\/p>\n<\/td>\n<td style=\"height: 56px;\" align=\"center\" valign=\"middle\" width=\"111\">\n<p style=\"text-align: center;\">45-90<\/p>\n<\/td>\n<\/tr>\n<tr style=\"height: 56px;\">\n<td style=\"height: 56px;\" align=\"center\" valign=\"middle\" width=\"232\">Ancho de la bolsa (mm)<\/td>\n<td style=\"height: 56px;\" colspan=\"2\" align=\"center\" valign=\"middle\" width=\"220\">\n<p style=\"text-align: center;\">30-110<\/p>\n<\/td>\n<td style=\"height: 56px;\" align=\"center\" valign=\"middle\" width=\"111\">\n<p style=\"text-align: center;\">45-95<\/p>\n<\/td>\n<\/tr>\n<tr style=\"height: 56px;\">\n<td style=\"height: 56px;\" align=\"center\" valign=\"middle\" width=\"232\">Altura del producto (mm)<\/td>\n<td style=\"height: 56px;\" align=\"center\" valign=\"middle\" width=\"106\">\n<p style=\"text-align: center;\">M\u00e1x.40<\/p>\n<\/td>\n<td style=\"height: 56px;\" align=\"center\" valign=\"middle\" width=\"114\">\n<p style=\"text-align: center;\">M\u00e1x.55<\/p>\n<\/td>\n<td style=\"height: 56px;\" align=\"center\" valign=\"middle\" width=\"111\">\n<p style=\"text-align: center;\">M\u00e1x.35<\/p>\n<\/td>\n<\/tr>\n<tr style=\"height: 56px;\">\n<td style=\"height: 56px;\" align=\"center\" valign=\"middle\" width=\"232\">Di\u00e1metro del rollo de pel\u00edcula (mm)<\/td>\n<td style=\"height: 56px;\" colspan=\"3\" align=\"center\" valign=\"middle\" width=\"332\">\n<p style=\"text-align: center;\">M\u00e1x.320<\/p>\n<\/td>\n<\/tr>\n<tr style=\"height: 56px;\">\n<td style=\"height: 56px;\" align=\"center\" valign=\"middle\" width=\"232\">Velocidad de envasado (sacos\/min)<\/td>\n<td style=\"height: 56px;\" colspan=\"2\" align=\"center\" valign=\"middle\" width=\"220\">\n<p style=\"text-align: center;\">40-230<\/p>\n<\/td>\n<td style=\"height: 56px;\" align=\"center\" valign=\"middle\" width=\"111\">\n<p style=\"text-align: center;\">60-330<\/p>\n<\/td>\n<\/tr>\n<tr style=\"height: 56px;\">\n<td style=\"height: 56px;\" align=\"center\" valign=\"middle\" width=\"232\">Dimensiones externas (L\u00d7W\u00d7H) (mm)<\/td>\n<td style=\"height: 56px;\" colspan=\"3\" align=\"center\" valign=\"middle\" width=\"332\">\n<p style=\"text-align: center;\">3770\u00d7670\u00d71450<\/p>\n<\/td>\n<\/tr>\n<tr style=\"height: 56px;\">\n<td style=\"height: 56px;\" align=\"center\" valign=\"middle\" width=\"232\">Peso neto \/ kg)<\/td>\n<td style=\"height: 56px;\" colspan=\"3\" align=\"center\" valign=\"middle\" width=\"332\">\n<p style=\"text-align: center;\">600<\/p>\n<\/td>\n<\/tr>\n<tr style=\"height: 56px;\">\n<td style=\"height: 56px;\" align=\"center\" valign=\"middle\" width=\"232\">Observaciones<\/td>\n<td style=\"height: 56px;\" colspan=\"3\" align=\"center\" valign=\"middle\" width=\"332\">\n<p style=\"text-align: center;\">Llenar equipo de gas (opcional)<\/p>\n<\/td>\n<\/tr>\n<\/tbody>\n<\/table>\n<\/div>\n<div class=\"pword\">Modelo:DXDZ-250B\/D\/S<br \/>\nM\u00e1quinas Flow Wrap horizontales dise\u00f1adas para formar y sellar herm\u00e9ticamente productos s\u00f3lidos. El mercado de envasado flow wrap est\u00e1 impulsado por el consumidor y se centra en el envasado sostenible.<\/div>\n<div>M\u00e1quina autom\u00e1tica de envasado horizontal flowpack DXDZ-250D para Paletas<\/div>\n<div><\/div>\n<div>tenemos sucursales en Guadalajara, Tijuana ,Monterrey y Cuidad de Mexico<\/div>\n","protected":false},"featured_media":2862,"template":"","meta":[],"product_brand":[],"product_cat":[546,10730,183],"product_tag":[],"class_list":{"0":"post-2820","1":"product","2":"type-product","3":"status-publish","4":"has-post-thumbnail","6":"product_cat-embolsadora-horizontal-flowpack","7":"product_cat-embolsadoras-automaticas","8":"product_cat-maquina-envasadora-horizontal","10":"first","11":"instock","12":"shipping-taxable","13":"product-type-simple"},"_links":{"self":[{"href":"https:\/\/tecnopacks.com.mx\/empaque\/wp-json\/wp\/v2\/product\/2820","targetHints":{"allow":["GET"]}}],"collection":[{"href":"https:\/\/tecnopacks.com.mx\/empaque\/wp-json\/wp\/v2\/product"}],"about":[{"href":"https:\/\/tecnopacks.com.mx\/empaque\/wp-json\/wp\/v2\/types\/product"}],"wp:featuredmedia":[{"embeddable":true,"href":"https:\/\/tecnopacks.com.mx\/empaque\/wp-json\/wp\/v2\/media\/2862"}],"wp:attachment":[{"href":"https:\/\/tecnopacks.com.mx\/empaque\/wp-json\/wp\/v2\/media?parent=2820"}],"wp:term":[{"taxonomy":"product_brand","embeddable":true,"href":"https:\/\/tecnopacks.com.mx\/empaque\/wp-json\/wp\/v2\/product_brand?post=2820"},{"taxonomy":"product_cat","embeddable":true,"href":"https:\/\/tecnopacks.com.mx\/empaque\/wp-json\/wp\/v2\/product_cat?post=2820"},{"taxonomy":"product_tag","embeddable":true,"href":"https:\/\/tecnopacks.com.mx\/empaque\/wp-json\/wp\/v2\/product_tag?post=2820"}],"curies":[{"name":"wp","href":"https:\/\/api.w.org\/{rel}","templated":true}]}}