{"id":2822,"date":"2024-04-05T21:04:16","date_gmt":"2024-04-05T21:04:16","guid":{"rendered":"https:\/\/tecnopacks.com.mx\/empaque\/?post_type=product&#038;p=2822"},"modified":"2026-03-20T15:53:07","modified_gmt":"2026-03-20T15:53:07","slug":"empacadora-flowpack-de-acarreador-para-paletas-o-galletas","status":"publish","type":"product","link":"https:\/\/tecnopacks.com.mx\/empaque\/producto\/embolsadora-horizontal-flowpack\/empacadora-flowpack-de-acarreador-para-paletas-o-galletas\/","title":{"rendered":"Empacadora Flowpack de Acarreador para Paletas o Galletas"},"content":{"rendered":"\n<h1>\n<a href=\"https:\/\/tecnopacks.com.mx\/empaque\/producto\/maquina-envasadora-horizontal\/maquina-empacadora-horizontal-de-acarreador-de-cadena-dxdz-350b\/\">M\u00e1quina Empacadora <\/a><a href=\"https:\/\/tecnopacks.com.mx\/empaque\/producto\/maquina-envasadora-horizontal\/maquina-empacadora-horizontal-de-acarreador-de-cadena-dxdz-350b\/\">Flowpack <\/a><a href=\"https:\/\/tecnopacks.com.mx\/empaque\/producto\/maquina-envasadora-horizontal\/maquina-empacadora-horizontal-de-acarreador-de-cadena-dxdz-350b\/\">Horizontal de Acarreador de Cadena<\/a>\n<\/h1>\n<p><strong><span style=\"text-decoration: underline;\"><em>Empacadora Flowpack<\/em><\/span><\/strong> para formado, llenado y sellado horizontal, aplicables a alimentos frescos y productos t\u00e9cnicos.<\/p>\n<p>Asegura una elevada estanqueidad de la bolsa que permite mantener el contenido del envase aislado del ambiente exterior y potenciar el aspecto exterior, todo ello para maximizar la calidad y est\u00e9tica del producto.<br>\nLos sobres flow pack se utilizan m\u00e1s para productos de confiter\u00eda, art\u00edculos t\u00e9cnicos, cosm\u00e9ticos y medicamentos.<\/p>\n<p>Se pueden combinar con una amplia gama de sistemas de alimentaci\u00f3n, como cadenas transportadoras de dedos o cintas de alimentaci\u00f3n. Dise\u00f1ado espec\u00edficamente para el sector l\u00e1cteo, para obtener paquetes tipo almohada a partir de una bobina plana de material de envoltura sellable en fr\u00edo\/calor. Construcci\u00f3n robusta con estructura fabricada en acero al carbono, dise\u00f1o compacto, hardware de \u00faltima generaci\u00f3n, software de control confiable y f\u00e1cil de usar son los resultados alcanzados en este proyecto, expresi\u00f3n de la experiencia lograda en muchos a\u00f1os de fabricaci\u00f3n de <a href=\"https:\/\/impropack.com.mx\/contacto\/\" target=\"_blank\" rel=\"noopener\">m\u00e1quinas flowpack<\/a> y l\u00edneas automatizadas. Una m\u00e1quina innovadora de alta calidad.<\/p>\n<p>\u00a0<\/p>\n","protected":false},"excerpt":{"rendered":"<div>\n<p><strong>Par\u00e1metros:<\/strong><\/p>\n<table class=\"table\" border=\"0\" width=\"100%\" cellspacing=\"0\" cellpadding=\"0\">\n<tbody>\n<tr class=\"firstRow\">\n<td align=\"center\" valign=\"middle\" width=\"239\"><\/td>\n<td align=\"center\" valign=\"middle\" width=\"113\">\n<p style=\"text-align: center;\">DXDZ-350B<\/p>\n<\/td>\n<td align=\"center\" valign=\"middle\" width=\"141\">\n<p style=\"text-align: center;\">DXDZ-350D<\/p>\n<\/td>\n<\/tr>\n<tr>\n<td align=\"center\" valign=\"middle\" width=\"239\">Voltaje (V\/Hz)<\/td>\n<td colspan=\"2\" align=\"center\" valign=\"middle\" width=\"254\">\n<p style=\"text-align: center;\">CA 220\/50 220\/60<\/p>\n<\/td>\n<\/tr>\n<tr>\n<td align=\"center\" valign=\"middle\" width=\"239\">Potencia (kilovatios)<\/td>\n<td colspan=\"2\" align=\"center\" valign=\"middle\" width=\"254\">\n<p style=\"text-align: center;\">2600<\/p>\n<\/td>\n<\/tr>\n<tr>\n<td align=\"center\" valign=\"middle\" width=\"239\">Ancho de pel\u00edcula (mm)<\/td>\n<td colspan=\"2\" align=\"center\" valign=\"middle\" width=\"254\">\n<p style=\"text-align: center;\">M\u00e1x.350<\/p>\n<\/td>\n<\/tr>\n<tr>\n<td align=\"center\" valign=\"middle\" width=\"239\">Longitud de la bolsa (mm)<\/td>\n<td align=\"center\" valign=\"middle\" width=\"113\">\n<p style=\"text-align: center;\">65-190 o 120-280<\/p>\n<\/td>\n<td align=\"center\" valign=\"middle\" width=\"141\">\n<p style=\"text-align: center;\">90-220 o 150-330<\/p>\n<\/td>\n<\/tr>\n<tr>\n<td align=\"center\" valign=\"middle\" width=\"239\">Ancho de la bolsa (mm)<\/td>\n<td colspan=\"2\" align=\"center\" valign=\"middle\" width=\"254\">\n<p style=\"text-align: center;\">50-160<\/p>\n<\/td>\n<\/tr>\n<tr>\n<td align=\"center\" valign=\"middle\" width=\"239\">Altura del producto (mm)<\/td>\n<td align=\"center\" valign=\"middle\" width=\"113\">\n<p style=\"text-align: center;\">M\u00e1x.40<\/p>\n<\/td>\n<td align=\"center\" valign=\"middle\" width=\"141\">\n<p style=\"text-align: center;\">M\u00e1x.60<\/p>\n<\/td>\n<\/tr>\n<tr>\n<td align=\"center\" valign=\"middle\" width=\"239\">Di\u00e1metro del rollo de pel\u00edcula (mm)<\/td>\n<td colspan=\"2\" align=\"center\" valign=\"middle\" width=\"254\">\n<p style=\"text-align: center;\">M\u00e1x.320<\/p>\n<\/td>\n<\/tr>\n<tr>\n<td align=\"center\" valign=\"middle\" width=\"239\">Velocidad de envasado (sacos\/min)<\/td>\n<td colspan=\"2\" align=\"center\" valign=\"middle\" width=\"254\">\n<p style=\"text-align: center;\">40-230<\/p>\n<\/td>\n<\/tr>\n<tr>\n<td align=\"center\" valign=\"middle\" width=\"239\">Dimensiones externas (L\u00d7W\u00d7H) (mm)<\/td>\n<td colspan=\"2\" align=\"center\" valign=\"middle\" width=\"254\">\n<p style=\"text-align: center;\">4020\u00d7770\u00d71450<\/p>\n<\/td>\n<\/tr>\n<tr>\n<td align=\"center\" valign=\"middle\" width=\"239\">Peso neto \/ kg)<\/td>\n<td align=\"center\" valign=\"middle\" width=\"113\">\n<p style=\"text-align: center;\">680<\/p>\n<\/td>\n<td align=\"center\" valign=\"middle\" width=\"141\">\n<p style=\"text-align: center;\">680<\/p>\n<\/td>\n<\/tr>\n<tr>\n<td align=\"center\" valign=\"middle\" width=\"239\">Observaciones<\/td>\n<td colspan=\"2\" align=\"center\" valign=\"middle\" width=\"254\">\n<p style=\"text-align: center;\">Llenar equipo de gas (opcional)<\/p>\n<\/td>\n<\/tr>\n<\/tbody>\n<\/table>\n<\/div>\n<div class=\"pword\">Modelo:DXDZ-350B\/D<br \/>\nEnvolvedoras Flow Pack para formado, llenado y sellado horizontal, aplicables a alimentos frescos y productos t\u00e9cnicos.<\/div>\n<div><\/div>\n<div>M\u00e1quina empacadora o Envolvedora Horizontal de Acarreador de Cadena DXDZ-350B<\/div>\n<div><\/div>\n<div>Tenemos envios a nivel nacional<\/div>\n<div><\/div>\n<div>Sucursales : Guadalajara, Monterrrey. Cuidad de Mexico Y Tijuana<\/div>\n","protected":false},"featured_media":2864,"template":"","meta":[],"product_brand":[],"product_cat":[546,10730,183],"product_tag":[748,747,745,742,744,746,743],"class_list":{"0":"post-2822","1":"product","2":"type-product","3":"status-publish","4":"has-post-thumbnail","6":"product_cat-embolsadora-horizontal-flowpack","7":"product_cat-embolsadoras-automaticas","8":"product_cat-maquina-envasadora-horizontal","9":"product_tag-empacadora","10":"product_tag-empacadora-de-alimentos","11":"product_tag-empacadora-de-galletas","12":"product_tag-empacadora-flowpack","13":"product_tag-empacadora-horizontal","14":"product_tag-maquina-de-empaque-automatico","15":"product_tag-maquina-flowpack","17":"first","18":"instock","19":"shipping-taxable","20":"product-type-simple"},"_links":{"self":[{"href":"https:\/\/tecnopacks.com.mx\/empaque\/wp-json\/wp\/v2\/product\/2822","targetHints":{"allow":["GET"]}}],"collection":[{"href":"https:\/\/tecnopacks.com.mx\/empaque\/wp-json\/wp\/v2\/product"}],"about":[{"href":"https:\/\/tecnopacks.com.mx\/empaque\/wp-json\/wp\/v2\/types\/product"}],"wp:featuredmedia":[{"embeddable":true,"href":"https:\/\/tecnopacks.com.mx\/empaque\/wp-json\/wp\/v2\/media\/2864"}],"wp:attachment":[{"href":"https:\/\/tecnopacks.com.mx\/empaque\/wp-json\/wp\/v2\/media?parent=2822"}],"wp:term":[{"taxonomy":"product_brand","embeddable":true,"href":"https:\/\/tecnopacks.com.mx\/empaque\/wp-json\/wp\/v2\/product_brand?post=2822"},{"taxonomy":"product_cat","embeddable":true,"href":"https:\/\/tecnopacks.com.mx\/empaque\/wp-json\/wp\/v2\/product_cat?post=2822"},{"taxonomy":"product_tag","embeddable":true,"href":"https:\/\/tecnopacks.com.mx\/empaque\/wp-json\/wp\/v2\/product_tag?post=2822"}],"curies":[{"name":"wp","href":"https:\/\/api.w.org\/{rel}","templated":true}]}}