{"id":3382,"date":"2024-07-18T18:00:48","date_gmt":"2024-07-18T18:00:48","guid":{"rendered":"https:\/\/tecnopacks.com.mx\/empaque\/?post_type=product&#038;p=3382"},"modified":"2026-03-22T03:10:25","modified_gmt":"2026-03-22T03:10:25","slug":"envolvedora-de-cortina-semiautomatica","status":"publish","type":"product","link":"https:\/\/tecnopacks.com.mx\/empaque\/producto\/hornos-termoencogibles\/envolvedora-de-cortina-semiautomatica\/","title":{"rendered":"Envolvedora de Cortina Semiautom\u00e1tica con Horno de Calor BSF-6540XLT"},"content":{"rendered":"\n<h1>Envolvedora de Cortina Semiautom\u00e1tica con Horno de Calor BSF-6540XLT<\/h1>\n<p>-Una <span style=\"text-decoration: underline;\"><em><strong>envolvedora de cortina<\/strong><\/em><\/span>, tambi\u00e9n conocida como envolvedora de pel\u00edcula estirable, ofrece varias ventajas importantes en el \u00e1mbito industrial y log\u00edstico:<\/p>\n<p>Protecci\u00f3n del producto:<\/p>\n<p>Envolver los palets con pel\u00edcula estirable proporciona una capa adicional que protege los productos contra el polvo, la humedad y los da\u00f1os mec\u00e1nicos durante el transporte y el almacenamiento.<\/p>\n<p>Eficiencia en el embalaje:<\/p>\n<p>Permite un embalaje r\u00e1pido y eficiente de palets, reduciendo el tiempo necesario para preparar los env\u00edos. Esto es especialmente \u00fatil en entornos de alta producci\u00f3n donde se manejan grandes vol\u00famenes de mercanc\u00edas.<\/p>\n<p>Reducci\u00f3n de costos:<\/p>\n<p>Al proporcionar una capa de protecci\u00f3n adicional y asegurar adecuadamente los palets, ayuda a minimizar los desperdicios y las p\u00e9rdidas debido a productos da\u00f1ados durante el transporte.<\/p>\n<p>Mejora de la imagen de marca:<\/p>\n<p>Ayuda a mantener una presentaci\u00f3n limpia y profesional de los productos, lo que puede ser importante para la percepci\u00f3n de la marca por parte de clientes y socios comerciales.<\/p>\n<p>Una <span style=\"text-decoration: underline;\"><em><strong>envolvedora de cortina<\/strong><\/em><\/span> no solo mejora la protecci\u00f3n y la estabilidad de los productos durante el almacenamiento y el transporte, sino que tambi\u00e9n contribuye significativamente a la eficiencia operativa y a la reducci\u00f3n de costos en entornos industriales y <a href=\"https:\/\/impropack.com.mx\/contacto\/\" target=\"_blank\" rel=\"noopener\">log\u00edsticos<\/a>.<\/p>\n<p>\u00a0<\/p>\n<p><a href=\"https:\/\/tecnopacks.com.mx\/empaque\/\" target=\"_blank\" rel=\"noopener\">MODELO BSF-6540XLT<\/a><br>\nVoltaje (V\/Hz) CA 380\/50 220\/60 trif\u00e1sica<br>\nAire comprimido (Lt\/min) 60<br>\nPotencia (kw) 18.5<br>\nTama\u00f1o m\u00e1ximo del embalaje (L \u00d7 An \u00d7 Al) (mm) 520\u00d7320\u00d7350<br>\nAncho m\u00e1ximo de pel\u00edcula (mm) 600<br>\nVelocidad de embalaje (uds.\/min) 8-10<br>\nLongitud de sellado y corte (mm) 650<br>\nAjuste del tiempo de sellado (S) 1.5-3<br>\nAjuste de temperatura (\u2103) 150-250<br>\nEspesor de pel\u00edcula adecuado (\u03bcm) Educaci\u00f3n F\u00edsica 40-80<br>\nTama\u00f1o del t\u00fanel (L\u00d7An\u00d7Al) (mm) 1500\u00d7600\u00d7400<br>\nDimensiones externas (L\u00d7An\u00d7Al) (mm) 3500\u00d7860\u00d72000<br>\nPeso neto \/ kg) 520<\/p>\n","protected":false},"excerpt":{"rendered":"<p>Una envolvedora de cortina, tambi\u00e9n conocida como envolvedora de pel\u00edcula estirable o envolvedora de palets<\/p>\n<p>Envolvedora de Cortina Semiautomatica con Horno de Calor BSF-6540XLT<\/p>\n<p>&nbsp;<\/p>\n<p>Sucursales: Monterrey, Cuidad de Mexico,\u00a0 Tijuana y Guadalajara<\/p>\n","protected":false},"featured_media":3309,"template":"","meta":[],"product_brand":[],"product_cat":[10743,190],"product_tag":[],"class_list":{"0":"post-3382","1":"product","2":"type-product","3":"status-publish","4":"has-post-thumbnail","6":"product_cat-hornos-termoencogibles","7":"product_cat-maquina-enfardadora","9":"first","10":"instock","11":"shipping-taxable","12":"product-type-simple"},"_links":{"self":[{"href":"https:\/\/tecnopacks.com.mx\/empaque\/wp-json\/wp\/v2\/product\/3382","targetHints":{"allow":["GET"]}}],"collection":[{"href":"https:\/\/tecnopacks.com.mx\/empaque\/wp-json\/wp\/v2\/product"}],"about":[{"href":"https:\/\/tecnopacks.com.mx\/empaque\/wp-json\/wp\/v2\/types\/product"}],"wp:featuredmedia":[{"embeddable":true,"href":"https:\/\/tecnopacks.com.mx\/empaque\/wp-json\/wp\/v2\/media\/3309"}],"wp:attachment":[{"href":"https:\/\/tecnopacks.com.mx\/empaque\/wp-json\/wp\/v2\/media?parent=3382"}],"wp:term":[{"taxonomy":"product_brand","embeddable":true,"href":"https:\/\/tecnopacks.com.mx\/empaque\/wp-json\/wp\/v2\/product_brand?post=3382"},{"taxonomy":"product_cat","embeddable":true,"href":"https:\/\/tecnopacks.com.mx\/empaque\/wp-json\/wp\/v2\/product_cat?post=3382"},{"taxonomy":"product_tag","embeddable":true,"href":"https:\/\/tecnopacks.com.mx\/empaque\/wp-json\/wp\/v2\/product_tag?post=3382"}],"curies":[{"name":"wp","href":"https:\/\/api.w.org\/{rel}","templated":true}]}}