{"id":4369,"date":"2024-11-24T18:49:15","date_gmt":"2024-11-24T18:49:15","guid":{"rendered":"https:\/\/tecnopacks.com.mx\/empaque\/?post_type=product&#038;p=4369"},"modified":"2026-03-19T03:36:12","modified_gmt":"2026-03-19T03:36:12","slug":"selladora-automatica-para-bolsas","status":"publish","type":"product","link":"https:\/\/tecnopacks.com.mx\/empaque\/producto\/selladoras-3\/selladora-automatica-para-bolsas\/","title":{"rendered":"Selladora automatica para bolsas"},"content":{"rendered":"\n<h1><a href=\"https:\/\/tecnopacks.com.mx\/\"><em><strong>Selladora automatica para bolsas<\/strong><\/em><\/a><\/h1>\n<p>En Tecnopacks, te ofrecemos la <span style=\"text-decoration: underline;\">selladora autom\u00e1tica para bolsas<\/span>\u00a0para bolsas, una herramienta esencial para cualquier persona o negocio que quiera mejorar la presentaci\u00f3n y conservaci\u00f3n de sus productos. Nuestra selladora es ideal para sellar bolsas de todo tipo, ya sean de polipropileno, materiales compuestos o cualquier otro tipo de material flexible. La calidad y eficiencia son algo que no deber\u00edas pasar por alto si buscas optimizar tu negocio o simplemente mantener tus alimentos en perfecto estado en casa.<\/p>\n<p>Al usar nuestra selladora autom\u00e1tica, ver\u00e1s lo f\u00e1cil que es ahorrar tiempo y esfuerzo. Gracias a su versatilidad, puedes sellar cualquier bolsa en segundos, garantizando un cierre seguro y profesional. Imagina la tranquilidad de saber que tus productos est\u00e1n perfectamente sellados, listos para ser almacenados o vendidos, mientras t\u00fa dedicas tu tiempo a otras tareas importantes.<\/p>\n<p>En Tecnopacks, solo trabajamos con m\u00e1quinas de alta calidad, dise\u00f1adas para durar. Cada selladora autom\u00e1tica pasa por estrictos controles de calidad, lo que significa que est\u00e1s invirtiendo en una herramienta confiable que te acompa\u00f1ar\u00e1 durante mucho tiempo. Es f\u00e1cil de usar, incluso si nunca has trabajado con una selladora antes. \u00a1Una gran ventaja que te permitir\u00e1 aprovecharla desde el primer d\u00eda!<\/p>\n<p>Adem\u00e1s, al comprar con nosotros, no solo est\u00e1s adquiriendo una m\u00e1quina. Obtendr\u00e1s un servicio completo, desde la asesor\u00eda inicial hasta el soporte t\u00e9cnico que necesites despu\u00e9s de la compra. Nuestro equipo estar\u00e1 siempre disponible para asegurarse de que aproveches al m\u00e1ximo tu inversi\u00f3n.<\/p>\n<p>No dejes pasar la oportunidad de mejorar la calidad de tu negocio o simplificar tu d\u00eda a d\u00eda en casa. Muchos de nuestros clientes han descubierto que una peque\u00f1a inversi\u00f3n en la herramienta adecuada hace una gran diferencia en el ahorro de tiempo y la calidad de sus productos. Si est\u00e1s buscando una soluci\u00f3n eficaz y duradera, la selladora autom\u00e1tica para bolsas de Tecnopacks es lo que necesitas.<\/p>\n<p>\u2b50\ufe0f\u2b50\ufe0f\u2b50\ufe0f\u2b50\ufe0f\u2b50\ufe0f<br>\nDiego Fern\u00e1ndez \u2013 Due\u00f1o de una pasteler\u00eda artesanal<br>\n\u201c\u00a1Excelente compra! La selladora autom\u00e1tica para bolsas de Tecnopacks ha sido una gran inversi\u00f3n para mi pasteler\u00eda. Trabajamos con distintos tipos de bolsas para envasar nuestros productos, y esta m\u00e1quina las sella todas a la perfecci\u00f3n. Desde que la adquir\u00ed, he notado lo mucho que facilita mi trabajo diario. Adem\u00e1s, la atenci\u00f3n de Tecnopacks fue excepcional; me ayudaron a encontrar la m\u00e1quina adecuada y respondieron todas mis preguntas. No s\u00e9 c\u00f3mo me manejaba antes sin ella. \u00a1Totalmente recomendable!\u201d<\/p>\n<p>en tecnopacks contamos con una amplia gama de productos para diferentes clientes\u00a0 si no lo encuentras en nuestra pagina lo puedes encontrar con alguno de nuestros vendedores estamos dispuestos a conseguir lo que tu necesita<a href=\"https:\/\/www.youtube.com\/@tecno-pack765\">s<\/a><\/p>\n","protected":false},"excerpt":{"rendered":"<p>POTENCIA DEL MOTOR\u00a0 28W<\/p>\n<p>PODER DE SELLADO 200W*2<\/p>\n<p>VOLTAJE\u00a0 220V<\/p>\n<p>ANCHO DE SELLO :\u00a0 \u00a01 CM<\/p>\n<p>VELOCIDAD 7M X MIN<\/p>\n<p>&nbsp;<\/p>\n<p>DIMENCIONES\u00a0 \u00a042CM X 22CM X 23CM<\/p>\n<p>&nbsp;<\/p>\n","protected":false},"featured_media":4351,"template":"","meta":[],"product_brand":[],"product_cat":[10736,542],"product_tag":[804,887,1001,1000,998,999],"class_list":{"0":"post-4369","1":"product","2":"type-product","3":"status-publish","4":"has-post-thumbnail","6":"product_cat-selladoras-3","7":"product_cat-selladoras-2","8":"product_tag-selladora","9":"product_tag-selladora-automatica-de-bolsas","10":"product_tag-selladora-bolsa-polipropileno","11":"product_tag-selladora-bolsa-vacio","12":"product_tag-selladora-multifuncional","13":"product_tag-selladora-para-bolsa-metalizada","15":"first","16":"instock","17":"shipping-taxable","18":"product-type-simple"},"_links":{"self":[{"href":"https:\/\/tecnopacks.com.mx\/empaque\/wp-json\/wp\/v2\/product\/4369","targetHints":{"allow":["GET"]}}],"collection":[{"href":"https:\/\/tecnopacks.com.mx\/empaque\/wp-json\/wp\/v2\/product"}],"about":[{"href":"https:\/\/tecnopacks.com.mx\/empaque\/wp-json\/wp\/v2\/types\/product"}],"wp:featuredmedia":[{"embeddable":true,"href":"https:\/\/tecnopacks.com.mx\/empaque\/wp-json\/wp\/v2\/media\/4351"}],"wp:attachment":[{"href":"https:\/\/tecnopacks.com.mx\/empaque\/wp-json\/wp\/v2\/media?parent=4369"}],"wp:term":[{"taxonomy":"product_brand","embeddable":true,"href":"https:\/\/tecnopacks.com.mx\/empaque\/wp-json\/wp\/v2\/product_brand?post=4369"},{"taxonomy":"product_cat","embeddable":true,"href":"https:\/\/tecnopacks.com.mx\/empaque\/wp-json\/wp\/v2\/product_cat?post=4369"},{"taxonomy":"product_tag","embeddable":true,"href":"https:\/\/tecnopacks.com.mx\/empaque\/wp-json\/wp\/v2\/product_tag?post=4369"}],"curies":[{"name":"wp","href":"https:\/\/api.w.org\/{rel}","templated":true}]}}